2. Let o be x(1). Suppose o = 4*l + 5*i, -6*l + 468 = -4*l - 2*i. List the prime factors of l.
2, 59
List the prime factors of 36502 - (2929/303 + 4/(-6)).
36493
Suppose -11*t - 35*t + 405547 + 44471 = 0. What are the prime factors of t?
3, 1087
Suppose 4*u = 9*u + 5*t, 0 = 3*u + t - 8. List the prime factors of 1/(u/838)*(57 - 55).
419
Let l = -2262 - -2264. Let d(w) be the second derivative of w**4/6 - w**3/6 - 2*w**2 - w. What are the prime factors of d(l)?
2
Let y(i) be the second derivative of 17*i**4/6 + 7*i**3/2 - 3*i**2 - 7*i - 17. What are the prime factors of y(6)?
2, 3, 7
Let h be ((-21)/(-2))/((-5)/((-440)/(-6))). Let f = 191 - h. What are the prime factors of f?
3, 5, 23
Suppose 250 + 995 = -3*g. Let z = -269 - g. List the prime factors of z.
2, 73
Let d = 19344 + -10823. What are the prime factors of d?
8521
List the prime factors of (8112 - 0) + 252/45 + 8/20.
2, 3, 11, 41
Let z = -13 - -16. Suppose -984 = -4*k + z*j, j - 253 = 3*k - 4*k. Suppose 5*l = -q - 3*q + k, -101 = -2*l - 3*q. List the prime factors of l.
7
Let g(v) = -v**3 + 7*v**2 + 5*v - 9. Let w(x) = x**3 + 10*x**2 - 14*x - 26. Suppose -4*h + 31 = 75. Let s be w(h). List the prime factors of g(s).
2, 13
Let l be 17*1 + (-2)/((-32)/48). Let u(m) be the third derivative of -m**5/60 + 11*m**4/12 - 3*m**3 - m**2. What are the prime factors of u(l)?
2, 11
Let n(i) = -11*i + 4. Let c be n(0). Suppose c*k = 153 - 49. Suppose -163 = -g - k. What are the prime factors of g?
137
Let r(m) = -3773*m - 13411. List the prime factors of r(-9).
2, 10273
Let d(f) = 14*f**3 - 26*f**2 - 37*f + 253. List the prime factors of d(13).
2, 3, 11
Let p = 17 - 13. Suppose -p*i + 0 + 20 = 0. List the prime factors of 3*3/9*i.
5
Let n be 5 + (324/(-36))/(1/(-5)). Suppose 0 = 5*w - 155 + n. What are the prime factors of w?
3, 7
Let o(k) = -3*k**2 + 39*k + 4. Let h be o(13). Suppose -h*d - 4*t + 3220 = 0, -4*t + 3260 = 4*d - 8*t. What are the prime factors of d?
2, 3, 5
Let s be 1/((-70)/69 - -1). Let v = s - -76. What are the prime factors of (135/(v - 2))/(-1 + 2)?
3
Suppose -1904 = 6*k - 7652. Suppose -7*j + 4171 - k = 0. List the prime factors of j.
3, 17
Suppose 4*t + 3*b - 44829 + 4105 = 0, 3*t - 3*b = 30522. List the prime factors of t.
2, 7, 727
Let d = 8158 + -5245. Suppose -d = 26*o - 26833. List the prime factors of o.
2, 5, 23
List the prime factors of (-18)/(-99) + 1493397/99.
5, 7, 431
Let t be (15/10)/(6*2/40). Suppose 4*f = t*w - 17, 0*w + 2*f - 14 = -2*w. Suppose 5*c - 63 = -4*g + 137, 0 = 3*g - w*c - 185. What are the prime factors of g?
5, 11
Let i be 6/(((-6)/(-8))/(3/(-2))). Let h be 2 - (0 - -3)*8/i. Suppose p + f - 157 = 0, -7*f = -6*f - h. List the prime factors of p.
3, 17
Suppose 4*m + 13 = 5*t + m, 5*m - 5 = 3*t. Let c = -2901 - -2972. Suppose 3*p + 4*i - 271 + c = 0, t*p = -3*i + 348. What are the prime factors of p?
2, 3
Let i = 74079 - 40149. List the prime factors of i.
2, 3, 5, 13, 29
Let w be ((-336)/(-20))/((-1)/20). Let h = -231 - w. Suppose 0*t = -2*t - 3*s + h, -5*t = -4*s - 251. What are the prime factors of t?
3, 17
Let t = 24 - 18. Let r(f) = -f**3 + 5*f**2 + 9*f - 14. Let a be r(t). Suppose -a*q + 130 + 34 = 0. List the prime factors of q.
41
Let y(k) = 2*k - 13. Let u(d) = 3*d - 13. Let a(z) = 6*u(z) - 5*y(z). Suppose -4*r = 47*r - 153. List the prime factors of a(r).
11
Suppose -2*t - 17*t + 342 = 0. Suppose 0 = 22*w - t*w - 12. Suppose -4*h - 496 = -4*m, -6 = -0*h + w*h. List the prime factors of m.
2, 61
Let j = -2951 + 3116. List the prime factors of j.
3, 5, 11
Let s be 5 + (-5 - (-8 - -3)). Suppose 7 = -5*r - 5*i + 137, 0 = s*i - 10. List the prime factors of r.
2, 3
Suppose -53*g + 329897 + 1200215 = 11*g. List the prime factors of g.
2, 43, 139
Let w(g) = -133*g**3 + 30*g**2 - 3*g - 16. List the prime factors of w(-5).
2, 7, 17, 73
Let a = 343 - 347. Let s(u) = 2*u**2 - 12*u - 56. List the prime factors of s(a).
2, 3
Let c = 6849 - 4660. Let x = c + -1494. What are the prime factors of x?
5, 139
Suppose -69039 = -72*c + 45*c. List the prime factors of c.
2557
Let z(k) = 21*k**2 - 4*k + 10. Let o be z(7). Let b = o - 314. List the prime factors of b.
17, 41
Let k = 87 - 59. Let j be k/8 + 3/2. Suppose 4*r + 3*l - j*l = 158, 0 = 4*r - 4*l - 152. What are the prime factors of r?
41
Suppose 2799*g = 2805*g - 11112. List the prime factors of g.
2, 463
Let b = -48759 + 108234. What are the prime factors of b?
3, 5, 13, 61
Let g(i) = 757*i + 428. What are the prime factors of g(30)?
2, 23, 503
Suppose -44*d + 57*d = -82*d + 1125750. List the prime factors of d.
2, 3, 5, 79
Let k be (6/(-9))/((-3)/9). Suppose k*l - 178 = 2*a - 3*a, 2*l - 554 = -3*a. Let q = a - 55. List the prime factors of q.
7, 19
Suppose -3*m + 117165 = 5*u, 2*m + 45896 = 2*u - 954. What are the prime factors of u?
2, 3, 5, 11, 71
Let q = -50 - -53. Suppose q*m = z + 40, -7*m + 3*m = -4. Let n = z + 61. List the prime factors of n.
2, 3
Let x be (-210)/(-60) + 1/2. Suppose 0 = x*a - 8 - 1324. List the prime factors of a.
3, 37
Let c(k) be the third derivative of -203*k**4/24 - 20*k**3 + 56*k**2 - 3. List the prime factors of c(-6).
2, 3, 61
Let r(y) = 8*y**3 + 3*y**2 - 5*y + 1. Suppose 2*k - 4*k + 12 = 0. Suppose -p - k = -4*p. What are the prime factors of r(p)?
67
Let o = -7 + 13. Suppose -s = -o*s. Suppose x = s, -3*d = x + x - 51. List the prime factors of d.
17
Let n(l) = -4*l - 1. Let f be n(11). Let g = -73 + f. Let j = g + 200. List the prime factors of j.
2, 41
Let h(z) = 2810*z**2 + 7*z + 6. List the prime factors of h(-1).
53
Suppose 26*c - 29*c = -39. Suppose 0 = -22*o - c*o + 18970. What are the prime factors of o?
2, 271
Suppose -2*u = -2*h - 14, -4*u + 9 = 3*h - 5. Suppose -5*b + u*t - 69 + 1774 = 0, -3*b + 1015 = -5*t. List the prime factors of b.
3, 5, 23
Let i(a) = -3 - 11*a - 9*a - 5*a - 5*a + 46*a + 48*a**2. What are the prime factors of i(-4)?
701
Suppose -18 = 9*o + 18. Let a be -1 - (o + 109)*-1. Let p = 212 - a. What are the prime factors of p?
2, 3
Let i(l) = -2*l**3 - 95*l**2 - 110*l - 265. List the prime factors of i(-48).
13, 563
Let g(q) = q**3 + 26*q**2 - 45*q - 532. What are the prime factors of g(-19)?
2, 3, 5, 19
What are the prime factors of 4/(16/(-18210))*((-396)/(-55) + -8)?
2, 3, 607
Let p(y) = 19*y**2 - 11*y + 9. Let a(m) = -6*m**2 + 4*m - 3. Suppose -3*d = -8*d + 20. Let v(s) = d*p(s) + 11*a(s). List the prime factors of v(3).
3, 31
Suppose 42*n = -830 + 3728. What are the prime factors of n?
3, 23
Suppose -2*s - 9494 = -3*d, -3*d + 3*s + 7765 = -1730. List the prime factors of d.
2, 7, 113
Let j = -735 + 665. List the prime factors of ((-380)/j - 5) + (-20966)/(-14).
2, 7, 107
Let v(t) = -328*t. Let z be v(-1). Suppose 3*q + 2*s + 463 = 0, -3*q + 3*s - 752 = -254. Let n = z + q. List the prime factors of n.
13
Let r(o) = 259*o - 17 + 16 + 159*o + 3*o. What are the prime factors of r(1)?
2, 3, 5, 7
Let s = -10152 - -11362. What are the prime factors of s?
2, 5, 11
Suppose 21*x - 9*x = 14*x. Suppose 21*n - 16*n - 2510 = x. What are the prime factors of n?
2, 251
Let w be 48/80 + 414/10. List the prime factors of w*1854/(-81)*6/(-4).
2, 7, 103
Suppose 10*l - 52 = 8. Let b(c) = 3*c**2 + 11*c - 17. List the prime factors of b(l).
157
Let y(q) = 2*q**2 + 11*q + 10. Let t be y(-5). What are the prime factors of (-14)/70 + (-24)/t + 1038?
1033
Suppose 38*z - 3 = 35. Let l(f) = 106*f**2 - 6*f + 6. List the prime factors of l(z).
2, 53
Let r(z) = 10 - 26*z + 262*z**2 - 18 + 7 + 27*z. What are the prime factors of r(1)?
2, 131
Let l = 90 + -84. Let a(f) = 16*f**2 + 3*f + 11. List the prime factors of a(l).
5, 11
What are the prime factors of 288852/30 + (16/(-5))/8?
2, 29, 83
Let q(x) = -134*x - 4915. What are the prime factors of q(-74)?
3, 1667
Let c = -17 - 10. Let p = 23 + c. Let d = p - -21. List the prime factors of d.
17
Let c be (-105)/(-2) + 2/(-4). Suppose 4*p + 5*v - 333 = 0, 0 = -418*p + 416*p + v + 163. Let k = p + c. What are the prime factors of k?
2, 67
Let k(p) = -23*p**3 - 4*p**2 - 6*p - 11. Let q be (-4)/50*5 + (-26)/10. What are the prime factors of k(q)?
2, 37
List the prime factors of 42/(-9)*(-2 - (-9 - -6274)).
2, 7, 2089
Suppose 5*r - 1175 = -0*r. Suppose r = -12*w + 17*w. What are the prime factors of w?
47
Suppose -691 - 1367